{"id":142,"date":"2026-03-09T13:23:11","date_gmt":"2026-03-09T13:23:11","guid":{"rendered":"https:\/\/kuteshop.store\/?post_type=product&#038;p=142"},"modified":"2026-03-09T13:44:30","modified_gmt":"2026-03-09T13:44:30","slug":"marvels-spider-man-2-steam-key-asia-chinh-hang","status":"publish","type":"product","link":"https:\/\/kuteshop.store\/index.php\/product\/marvels-spider-man-2-steam-key-asia-chinh-hang\/","title":{"rendered":"Marvel\u2019s Spider Man 2 \u2013 Steam Key Asia Ch\u00ednh H\u00e3ng"},"content":{"rendered":"<blockquote><p>Marvel\u2019s Spider-Man 2 l\u00e0 <strong>si\u00eau ph\u1ea9m h\u00e0nh \u0111\u1ed9ng<\/strong> phi\u00eau l\u01b0u th\u1ebf gi\u1edbi m\u1edf \u0111\u01b0\u1ee3c ph\u00e1t tri\u1ec3n b\u1edfi Insomniac Games v\u00e0 t\u1ed1i \u01b0u h\u00f3a cho PC b\u1edfi Nixxes Software. Game mang \u0111\u1ebfn c\u00e2u chuy\u1ec7n h\u1ea5p d\u1eabn v\u1ec1 hai Ng\u01b0\u1eddi Nh\u1ec7n Peter Parker v\u00e0 Miles Morales trong cu\u1ed9c chi\u1ebfn sinh t\u1eed ch\u1ed1ng l\u1ea1i <strong>qu\u00e1i v\u1eadt Venom<\/strong> v\u00e0 c\u00e1c m\u1ed1i \u0111e d\u1ecda symbiote nguy hi\u1ec3m.<\/p><\/blockquote>\n<p><img loading=\"lazy\" decoding=\"async\" class=\"alignnone wp-image-12707 wptangtoc-lazy entered gtloader\" title=\"Marvel's Spider Man 2 - Steam Key Asia Ch\u00ednh H\u00e3ng Marvels Spider Man 2 8 KAMIKEY\" src=\"https:\/\/kamikey.com\/wp-content\/uploads\/2025\/02\/Marvels-Spider-Man-2-8.jpg\" sizes=\"auto, (max-width: 600px) 100vw, 600px\" alt=\"Marvels Spider Man 2 8\" width=\"600\" height=\"338\" data-src=\"https:\/\/kamikey.com\/wp-content\/uploads\/2025\/02\/Marvels-Spider-Man-2-8.jpg\" data-sizes=\"(max-width: 600px) 100vw, 600px\" data-ll-status=\"loaded\" \/><a title=\"B\u00e0i vi\u1ebft \u0111\u01b0\u1ee3c copy t\u1eeb Kamikey.com Ngu\u1ed3n b\u00e0i vi\u1ebft : Marvel's Spider Man 2 - Steam Key Ch\u00ednh H\u00e3ng Gi\u00e1 R\u1ebb\" href=\"https:\/\/kamikey.com\/products\/marvels-spider-man-2-steam-key\/\" target=\"_blank\" rel=\"dofollow noopener\"><img loading=\"lazy\" decoding=\"async\" title=\"Marvel's Spider Man 2 - Steam Key Ch\u00ednh H\u00e3ng Gi\u00e1 R\u1ebb\" src=\"https:\/\/kamikey.com\/wp-content\/uploads\/2024\/10\/px.gif\" alt=\"Marvel's Spider Man 2 - Steam Key Ch\u00ednh H\u00e3ng Gi\u00e1 R\u1ebb\" width=\"1\" height=\"1\" border=\"0\" \/><\/a><\/p>\n<p>\u0110\u00e2y l\u00e0 <strong>game PlayStation \u0111\u1ed9c quy\u1ec1n<\/strong> kh\u00f4ng \u0111\u01b0\u1ee3c ph\u00e1t h\u00e0nh ch\u00ednh th\u1ee9c t\u1ea1i Vi\u1ec7t Nam th\u00f4ng qua Steam Store. Tuy nhi\u00ean, khi <strong>mua game Marvel\u2019s Spider-Man 2<\/strong> th\u00f4ng qua Steam Key, b\u1ea1n c\u00f3 th\u1ec3 d\u1ec5 d\u00e0ng n\u1ea1p v\u00e0o t\u00e0i kho\u1ea3n Steam Vi\u1ec7t Nam m\u00e0 kh\u00f4ng c\u1ea7n b\u1eadt VPN hay g\u1eb7p b\u1ea5t k\u1ef3 h\u1ea1n ch\u1ebf n\u00e0o. <strong>Steam Key<\/strong> l\u00e0 gi\u1ea3i ph\u00e1p t\u1ed1t nh\u1ea5t \u0111\u1ec3 tr\u1ea3i nghi\u1ec7m c\u00e1c game PS b\u1ecb c\u1ea5m \u1edf v\u00f9ng Vi\u1ec7t Nam.<\/p>\n<p><img loading=\"lazy\" decoding=\"async\" class=\"alignnone wp-image-12706 wptangtoc-lazy entered gtloader\" title=\"Marvel's Spider Man 2 - Steam Key Asia Ch\u00ednh H\u00e3ng Marvels Spider Man 2 7 KAMIKEY\" src=\"https:\/\/kamikey.com\/wp-content\/uploads\/2025\/02\/Marvels-Spider-Man-2-7.jpg\" sizes=\"auto, (max-width: 600px) 100vw, 600px\" alt=\"Marvels Spider Man 2 7\" width=\"600\" height=\"338\" data-src=\"https:\/\/kamikey.com\/wp-content\/uploads\/2025\/02\/Marvels-Spider-Man-2-7.jpg\" data-sizes=\"(max-width: 600px) 100vw, 600px\" data-ll-status=\"loaded\" \/><\/p>\n<p>Kh\u00e1m ph\u00e1 th\u00e0nh ph\u1ed1 New York c\u1ee7a v\u0169 tr\u1ee5 Marvel v\u1edbi quy m\u00f4 l\u1edbn h\u01a1n bao gi\u1edd h\u1ebft, bao g\u1ed3m hai qu\u1eadn m\u1edbi Brooklyn v\u00e0 Queens c\u00f9ng c\u00e1c \u0111\u1ecba \u0111i\u1ec3m n\u1ed5i ti\u1ebfng nh\u01b0 Coney Island. Game cho ph\u00e9p <strong>chuy\u1ec3n \u0111\u1ed5i linh ho\u1ea1t<\/strong> gi\u1eefa Peter Parker v\u00e0 Miles Morales, m\u1ed7i nh\u00e2n v\u1eadt s\u1edf h\u1eefu k\u1ef9 n\u0103ng v\u00e0 c\u00e2u chuy\u1ec7n ri\u00eang bi\u1ec7t.<\/p>\n<p><img loading=\"lazy\" decoding=\"async\" class=\"alignnone wp-image-12704 wptangtoc-lazy entered gtloader\" title=\"Marvel's Spider Man 2 - Steam Key Asia Ch\u00ednh H\u00e3ng Marvels Spider Man 2 5 KAMIKEY\" src=\"https:\/\/kamikey.com\/wp-content\/uploads\/2025\/02\/Marvels-Spider-Man-2-5.jpg\" sizes=\"auto, (max-width: 600px) 100vw, 600px\" alt=\"Marvels Spider Man 2 5\" width=\"600\" height=\"338\" data-src=\"https:\/\/kamikey.com\/wp-content\/uploads\/2025\/02\/Marvels-Spider-Man-2-5.jpg\" data-sizes=\"(max-width: 600px) 100vw, 600px\" data-ll-status=\"loaded\" \/><\/p>\n<p>Peter Parker \u0111\u01b0\u1ee3c trang b\u1ecb <strong>kh\u1ea3 n\u0103ng symbiote m\u1edbi<\/strong> m\u1ea1nh m\u1ebd, trong khi Miles Morales s\u1eed d\u1ee5ng s\u1ee9c m\u1ea1nh venom \u0111i\u1ec7n sinh h\u1ecdc b\u00f9ng n\u1ed5. H\u1ec7 th\u1ed1ng thi\u1ebft b\u1ecb c\u00f4ng ngh\u1ec7 cao c\u00f3 th\u1ec3 n\u00e2ng c\u1ea5p mang \u0111\u1ebfn chi\u1ec1u s\u00e2u chi\u1ebfn \u0111\u1ea5u \u0111a d\u1ea1ng v\u00e0 phong ph\u00fa. T\u00ednh n\u0103ng <strong>C\u00e1nh M\u00e0ng Nh\u1ec7n<\/strong> ho\u00e0n to\u00e0n m\u1edbi cho ph\u00e9p di chuy\u1ec3n nhanh ch\u00f3ng kh\u1eafp th\u00e0nh ph\u1ed1 v\u1edbi c\u1ea3m gi\u00e1c t\u1ed1c \u0111\u1ed9 ch\u01b0a t\u1eebng c\u00f3.<\/p>\n<p><img loading=\"lazy\" decoding=\"async\" class=\"alignnone wp-image-12709 wptangtoc-lazy entered gtloader\" title=\"Marvel's Spider Man 2 - Steam Key Asia Ch\u00ednh H\u00e3ng Marvels Spider Man 2 10 KAMIKEY\" src=\"https:\/\/kamikey.com\/wp-content\/uploads\/2025\/02\/Marvels-Spider-Man-2-10.jpg\" sizes=\"auto, (max-width: 600px) 100vw, 600px\" alt=\"Marvels Spider Man 2 10\" width=\"600\" height=\"338\" data-src=\"https:\/\/kamikey.com\/wp-content\/uploads\/2025\/02\/Marvels-Spider-Man-2-10.jpg\" data-sizes=\"(max-width: 600px) 100vw, 600px\" data-ll-status=\"loaded\" \/><\/p>\n<p>Game \u0111\u1ed1i \u0111\u1ea7u v\u1edbi d\u00e0n <strong>si\u00eau \u00e1c nh\u00e2n Marvel<\/strong> mang t\u00ednh bi\u1ec3u t\u01b0\u1ee3ng, bao g\u1ed3m phi\u00ean b\u1ea3n \u0111\u1ed9c \u0111\u00e1o c\u1ee7a Venom, th\u1ee3 s\u0103n Kraven t\u00e0n \u00e1c, Th\u1eb1n l\u1eb1n b\u1ea5t \u1ed5n v\u00e0 nhi\u1ec1u k\u1ebb th\u00f9 nguy hi\u1ec3m kh\u00e1c. M\u1ed7i tr\u1eadn boss \u0111\u1ec1u mang \u0111\u1ebfn th\u1eed th\u00e1ch k\u1ef9 n\u0103ng v\u00e0 chi\u1ebfn thu\u1eadt kh\u00e1c nhau.<\/p>\n<p><img decoding=\"async\" class=\"alignnone wp-image-12708 wptangtoc-lazy\" title=\"Marvel's Spider Man 2 - Steam Key Asia Ch\u00ednh H\u00e3ng Marvels Spider Man 2 9 KAMIKEY\" src=\"data:;base64,<svg xmlns='http:\/\/www.w3.org\/2000\/svg' viewBox='0 0 600 338'\/>&#8221; alt=&#8221;Marvels Spider Man 2 9&#8243; width=&#8221;600&#8243; height=&#8221;338&#8243; data-src=&#8221;https:\/\/kamikey.com\/wp-content\/uploads\/2025\/02\/Marvels-Spider-Man-2-9.jpg&#8221; data-sizes=&#8221;(max-width: 600px) 100vw, 600px&#8221; \/><\/p>\n<p>Phi\u00ean b\u1ea3n PC \u0111\u01b0\u1ee3c t\u1ed1i \u01b0u h\u00f3a v\u1edbi <strong>\u0111\u1ed3 h\u1ecda ray-tracing c\u1ea3i ti\u1ebfn<\/strong>, h\u1ed7 tr\u1ee3 NVIDIA DLSS 3, AMD FSR 3.1 v\u00e0 Intel XeSS. Game h\u1ed7 tr\u1ee3 m\u00e0n h\u00ecnh si\u00eau r\u1ed9ng v\u1edbi t\u1ef7 l\u1ec7 21:9, 32:9 v\u00e0 48:9, mang \u0111\u1ebfn tr\u1ea3i nghi\u1ec7m h\u00ecnh \u1ea3nh tuy\u1ec7t v\u1eddi. T\u00ednh n\u0103ng accessibility \u0111a d\u1ea1ng gi\u00fap game tr\u1edf n\u00ean d\u1ec5 ti\u1ebfp c\u1eadn h\u01a1n cho m\u1ecdi ng\u01b0\u1eddi ch\u01a1i.<\/p>\n<p><img decoding=\"async\" class=\"alignnone wp-image-12703 wptangtoc-lazy\" title=\"Marvel's Spider Man 2 - Steam Key Asia Ch\u00ednh H\u00e3ng Marvels Spider Man 2 4 KAMIKEY\" src=\"data:;base64,<svg xmlns='http:\/\/www.w3.org\/2000\/svg' viewBox='0 0 600 338'\/>&#8221; alt=&#8221;Marvels Spider Man 2 4&#8243; width=&#8221;600&#8243; height=&#8221;338&#8243; data-src=&#8221;https:\/\/kamikey.com\/wp-content\/uploads\/2025\/02\/Marvels-Spider-Man-2-4.jpg&#8221; data-sizes=&#8221;(max-width: 600px) 100vw, 600px&#8221; \/><\/p>\n<p>Khi <strong>mua Steam Key ch\u00ednh h\u00e3ng Marvel\u2019s Spider-Man 2<\/strong> t\u1ea1i KAMIKEY, b\u1ea1n nh\u1eadn \u0111\u01b0\u1ee3c Steam Key c\u00f3 ngu\u1ed3n g\u1ed1c t\u1eeb nh\u00e0 ph\u00e2n ph\u1ed1i ch\u00ednh th\u1ee9c, tuy\u1ec7t \u0111\u1ed1i kh\u00f4ng c\u00f3 r\u1ee7i ro b\u1ecb thu h\u1ed3i key. Shop cam k\u1ebft <strong>b\u1ea3o h\u00e0nh v\u0129nh vi\u1ec5n<\/strong> trong qu\u00e1 tr\u00ecnh s\u1eed d\u1ee5ng, \u0111\u1ea3m b\u1ea3o tr\u1ea3i nghi\u1ec7m game an to\u00e0n v\u00e0 \u1ed5n \u0111\u1ecbnh.<\/p>\n<p><img decoding=\"async\" class=\"alignnone wp-image-12702 wptangtoc-lazy\" title=\"Marvel's Spider Man 2 - Steam Key Asia Ch\u00ednh H\u00e3ng Marvels Spider Man 2 3 KAMIKEY\" src=\"data:;base64,<svg xmlns='http:\/\/www.w3.org\/2000\/svg' viewBox='0 0 600 338'\/>&#8221; alt=&#8221;Marvels Spider Man 2 3&#8243; width=&#8221;600&#8243; height=&#8221;338&#8243; data-src=&#8221;https:\/\/kamikey.com\/wp-content\/uploads\/2025\/02\/Marvels-Spider-Man-2-3.jpg&#8221; data-sizes=&#8221;(max-width: 600px) 100vw, 600px&#8221; \/><\/p>\n<p><strong>Steam Key Global<\/strong> cho ph\u00e9p k\u00edch ho\u1ea1t game tr\u00ean m\u1ecdi t\u00e0i kho\u1ea3n Steam m\u00e0 kh\u00f4ng b\u1ecb gi\u1edbi h\u1ea1n v\u00f9ng mi\u1ec1n. \u0110\u00e2y l\u00e0 c\u00e1ch t\u1ed1i \u01b0u nh\u1ea5t \u0111\u1ec3 s\u1edf h\u1eefu game v\u1edbi <strong>Steam Key gi\u00e1 r\u1ebb Marvel\u2019s Spider-Man 2<\/strong> so v\u1edbi gi\u00e1 b\u00e1n l\u1ebb ch\u00ednh th\u1ee9c, gi\u00fap game th\u1ee7 Vi\u1ec7t Nam ti\u1ebft ki\u1ec7m chi ph\u00ed \u0111\u00e1ng k\u1ec3.<\/p>\n<p><img decoding=\"async\" class=\"alignnone wp-image-12701 wptangtoc-lazy\" title=\"Marvel's Spider Man 2 - Steam Key Asia Ch\u00ednh H\u00e3ng Marvels Spider Man 2 2 KAMIKEY\" src=\"data:;base64,<svg xmlns='http:\/\/www.w3.org\/2000\/svg' viewBox='0 0 600 338'\/>&#8221; alt=&#8221;Marvels Spider Man 2 2&#8243; width=&#8221;600&#8243; height=&#8221;338&#8243; data-src=&#8221;https:\/\/kamikey.com\/wp-content\/uploads\/2025\/02\/Marvels-Spider-Man-2-2.jpg&#8221; data-sizes=&#8221;(max-width: 600px) 100vw, 600px&#8221; \/><\/p>\n<p>Marvel\u2019s Spider-Man 2 k\u1ebf th\u1eeba v\u00e0 ph\u00e1t tri\u1ec3n nh\u1eefng y\u1ebfu t\u1ed1 th\u00e0nh c\u00f4ng t\u1eeb c\u00e1c ph\u1ea7n tr\u01b0\u1edbc, mang \u0111\u1ebfn <strong>tr\u1ea3i nghi\u1ec7m gameplay ho\u00e0n h\u1ea3o<\/strong> v\u1edbi h\u1ec7 th\u1ed1ng chi\u1ebfn \u0111\u1ea5u m\u01b0\u1ee3t m\u00e0, c\u1ed1t truy\u1ec7n h\u1ea5p d\u1eabn v\u00e0 th\u1ebf gi\u1edbi m\u1edf s\u1ed1ng \u0111\u1ed9ng. Game h\u1ed7 tr\u1ee3 \u0111\u1ea7y \u0111\u1ee7 ti\u1ebfng Vi\u1ec7t c\u1ea3 interface v\u00e0 ph\u1ee5 \u0111\u1ec1, gi\u00fap ng\u01b0\u1eddi ch\u01a1i Vi\u1ec7t Nam d\u1ec5 d\u00e0ng th\u01b0\u1edfng th\u1ee9c n\u1ed9i dung.<\/p>\n<p><img decoding=\"async\" class=\"alignnone wp-image-12700 wptangtoc-lazy\" title=\"Marvel's Spider Man 2 - Steam Key Asia Ch\u00ednh H\u00e3ng Marvels Spider Man 2 1 KAMIKEY\" src=\"data:;base64,<svg xmlns='http:\/\/www.w3.org\/2000\/svg' viewBox='0 0 600 338'\/>&#8221; alt=&#8221;Marvels Spider Man 2 1&#8243; width=&#8221;600&#8243; height=&#8221;338&#8243; data-src=&#8221;https:\/\/kamikey.com\/wp-content\/uploads\/2025\/02\/Marvels-Spider-Man-2-1.jpg&#8221; data-sizes=&#8221;(max-width: 600px) 100vw, 600px&#8221; \/><\/p>\n<div class=\"devvn_readmore_flatsome devvn_readmore_flatsome_more\"><a title=\"Xem th\u00eam\">Xem th\u00eam<\/a><\/div>\n<div class=\"devvn_readmore_flatsome devvn_readmore_flatsome_less\"><\/div>\n","protected":false},"excerpt":{"rendered":"<p>Marvel\u2019s Spider-Man 2 l\u00e0 si\u00eau ph\u1ea9m h\u00e0nh \u0111\u1ed9ng phi\u00eau l\u01b0u th\u1ebf gi\u1edbi m\u1edf \u0111\u01b0\u1ee3c ph\u00e1t tri\u1ec3n b\u1edfi Insomniac Games v\u00e0 t\u1ed1i \u01b0u h\u00f3a cho PC b\u1edfi Nixxes Software. Game mang \u0111\u1ebfn c\u00e2u chuy\u1ec7n h\u1ea5p d\u1eabn v\u1ec1 hai Ng\u01b0\u1eddi Nh\u1ec7n Peter Parker v\u00e0 Miles Morales trong cu\u1ed9c chi\u1ebfn sinh t\u1eed ch\u1ed1ng l\u1ea1i qu\u00e1i v\u1eadt Venom v\u00e0 [&#8230;]\n","protected":false},"featured_media":143,"comment_status":"open","ping_status":"closed","template":"","meta":[],"product_brand":[],"product_cat":[15,25],"product_tag":[],"class_list":{"0":"post-142","1":"product","2":"type-product","3":"status-publish","4":"has-post-thumbnail","6":"product_cat-uncategorized","7":"product_cat-steam-key-chinh-hang","9":"first","10":"instock","11":"shipping-taxable","12":"purchasable","13":"product-type-simple"},"_links":{"self":[{"href":"https:\/\/kuteshop.store\/index.php\/wp-json\/wp\/v2\/product\/142","targetHints":{"allow":["GET"]}}],"collection":[{"href":"https:\/\/kuteshop.store\/index.php\/wp-json\/wp\/v2\/product"}],"about":[{"href":"https:\/\/kuteshop.store\/index.php\/wp-json\/wp\/v2\/types\/product"}],"replies":[{"embeddable":true,"href":"https:\/\/kuteshop.store\/index.php\/wp-json\/wp\/v2\/comments?post=142"}],"wp:featuredmedia":[{"embeddable":true,"href":"https:\/\/kuteshop.store\/index.php\/wp-json\/wp\/v2\/media\/143"}],"wp:attachment":[{"href":"https:\/\/kuteshop.store\/index.php\/wp-json\/wp\/v2\/media?parent=142"}],"wp:term":[{"taxonomy":"product_brand","embeddable":true,"href":"https:\/\/kuteshop.store\/index.php\/wp-json\/wp\/v2\/product_brand?post=142"},{"taxonomy":"product_cat","embeddable":true,"href":"https:\/\/kuteshop.store\/index.php\/wp-json\/wp\/v2\/product_cat?post=142"},{"taxonomy":"product_tag","embeddable":true,"href":"https:\/\/kuteshop.store\/index.php\/wp-json\/wp\/v2\/product_tag?post=142"}],"curies":[{"name":"wp","href":"https:\/\/api.w.org\/{rel}","templated":true}]}}