{"id":126,"date":"2026-03-09T10:55:56","date_gmt":"2026-03-09T10:55:56","guid":{"rendered":"https:\/\/kuteshop.store\/?post_type=product&#038;p=126"},"modified":"2026-03-09T13:45:17","modified_gmt":"2026-03-09T13:45:17","slug":"helldivers-2-steam-key-global-chinh-hang","status":"publish","type":"product","link":"https:\/\/kuteshop.store\/index.php\/product\/helldivers-2-steam-key-global-chinh-hang\/","title":{"rendered":"HELLDIVERS 2 \u2013 Steam Key Global Ch\u00ednh H\u00e3ng"},"content":{"rendered":"<blockquote><p><strong>Helldivers 2<\/strong> l\u00e0 tuy\u1ebfn t\u1ea5n c\u00f4ng cu\u1ed1i c\u00f9ng c\u1ee7a thi\u00ean h\u00e0, mang \u0111\u1ebfn tr\u1ea3i nghi\u1ec7m b\u1eafn s\u00fang g\u00f3c nh\u00ecn th\u1ee9 ba \u0111\u1ea7y k\u1ecbch t\u00ednh v\u00e0 h\u1ee3p t\u00e1c nh\u00f3m. B\u1ea1n s\u1ebd gia nh\u1eadp l\u1ef1c l\u01b0\u1ee3ng tinh nhu\u1ec7 Helldivers \u0111\u1ec3 <strong>\u0111\u1ea5u tranh gi\u00e0nh t\u1ef1 do<\/strong> trong m\u1ed9t thi\u00ean h\u00e0 \u0111\u1ea7y r\u1eaby k\u1ebb \u0111\u1ecbch nguy hi\u1ec3m.<\/p><\/blockquote>\n<p><img loading=\"lazy\" decoding=\"async\" class=\"alignnone size-full wp-image-15003 wptangtoc-lazy entered gtloader\" title=\"HELLDIVERS 2 - Steam Key Global Ch\u00ednh H\u00e3ng HELLDIVERS\u2122 2 2 KAMIKEY\" src=\"https:\/\/kamikey.com\/wp-content\/uploads\/2025\/04\/HELLDIVERS%E2%84%A2-2-2.jpg\" sizes=\"auto, (max-width: 600px) 100vw, 600px\" alt=\"HELLDIVERS\u2122 2 2\" width=\"600\" height=\"337\" data-src=\"https:\/\/kamikey.com\/wp-content\/uploads\/2025\/04\/HELLDIVERS%E2%84%A2-2-2.jpg\" data-sizes=\"(max-width: 600px) 100vw, 600px\" data-ll-status=\"loaded\" \/><a title=\"B\u00e0i vi\u1ebft \u0111\u01b0\u1ee3c copy t\u1eeb Kamikey.com Ngu\u1ed3n b\u00e0i vi\u1ebft : HELLDIVERS 2 - Steam Key Global N\u1ea1p \u0110\u01b0\u1ee3c \u1ede Vi\u1ec7t Nam\" href=\"https:\/\/kamikey.com\/products\/helldivers-2-steam-key\/\" target=\"_blank\" rel=\"dofollow noopener\"><img loading=\"lazy\" decoding=\"async\" title=\"HELLDIVERS 2 - Steam Key Global N\u1ea1p \u0110\u01b0\u1ee3c \u1ede Vi\u1ec7t Nam\" src=\"https:\/\/kamikey.com\/wp-content\/uploads\/2024\/10\/px.gif\" alt=\"HELLDIVERS 2 - Steam Key Global N\u1ea1p \u0110\u01b0\u1ee3c \u1ede Vi\u1ec7t Nam\" width=\"1\" height=\"1\" border=\"0\" \/><\/a><\/p>\n<p>Trong vai m\u1ed9t Helldiver, b\u1ea1n \u0111\u01b0\u1ee3c ph\u00e2n v\u00e0o \u0111\u1ed9i t\u1ed1i \u0111a b\u1ed1n ng\u01b0\u1eddi \u0111\u1ec3 th\u1ef1c hi\u1ec7n c\u00e1c nhi\u1ec7m v\u1ee5 chi\u1ebfn l\u01b0\u1ee3c quan tr\u1ecdng. Game nh\u1ea5n m\u1ea1nh v\u00e0o <strong>teamwork v\u00e0 h\u1ee3p t\u00e1c<\/strong> \u2013 nh\u1eefng kho\u1ea3nh kh\u1eafc th\u00e0nh c\u00f4ng hay th\u1ea5t b\u1ea1i \u0111\u1ec1u t\u1ea1o n\u00ean nh\u1eefng c\u00e2u chuy\u1ec7n \u0111\u00e1ng nh\u1edb. Tuy nhi\u00ean, h\u00e3y c\u1ea9n th\u1eadn v\u1edbi friendly fire v\u00ec \u0111\u00e2y l\u00e0 y\u1ebfu t\u1ed1 lu\u00f4n c\u00f3 m\u1eb7t trong game!<\/p>\n<p><img loading=\"lazy\" decoding=\"async\" class=\"alignnone size-full wp-image-15004 wptangtoc-lazy entered gtloader\" title=\"HELLDIVERS 2 - Steam Key Global Ch\u00ednh H\u00e3ng HELLDIVERS\u2122 2 3 KAMIKEY\" src=\"https:\/\/kamikey.com\/wp-content\/uploads\/2025\/04\/HELLDIVERS%E2%84%A2-2-3.jpg\" sizes=\"auto, (max-width: 600px) 100vw, 600px\" alt=\"HELLDIVERS\u2122 2 3\" width=\"600\" height=\"337\" data-src=\"https:\/\/kamikey.com\/wp-content\/uploads\/2025\/04\/HELLDIVERS%E2%84%A2-2-3.jpg\" data-sizes=\"(max-width: 600px) 100vw, 600px\" data-ll-status=\"loaded\" \/><\/p>\n<p>H\u1ec7 th\u1ed1ng <strong>Stratagems<\/strong> l\u00e0 \u0111i\u1ec3m nh\u1ea5n \u0111\u1ed9c \u0111\u00e1o c\u1ee7a Helldivers 2. B\u1ea1n c\u00f3 th\u1ec3 g\u1ecdi h\u1ed7 tr\u1ee3 t\u1eeb qu\u1ef9 \u0111\u1ea1o b\u1eb1ng c\u00e1ch nh\u1eadp chu\u1ed7i ph\u00edm \u0111\u1ecbnh h\u01b0\u1edbng \u2013 t\u1eeb kh\u00f4ng k\u00edch orbital, v\u0169 kh\u00ed h\u1ed7 tr\u1ee3 cho \u0111\u1ebfn c\u00e1c lo\u1ea1i trang b\u1ecb \u0111\u1eb7c bi\u1ec7t. M\u1ed7i ng\u01b0\u1eddi ch\u01a1i c\u00f3 th\u1ec3 ch\u1ecdn t\u1ed1i \u0111a b\u1ed1n Stratagems kh\u00e1c nhau, t\u1ea1o n\u00ean s\u1ef1 \u0111a d\u1ea1ng trong chi\u1ebfn thu\u1eadt.<\/p>\n<p><img loading=\"lazy\" decoding=\"async\" class=\"alignnone size-full wp-image-15005 wptangtoc-lazy entered gtloader\" title=\"HELLDIVERS 2 - Steam Key Global Ch\u00ednh H\u00e3ng HELLDIVERS\u2122 2 4 KAMIKEY\" src=\"https:\/\/kamikey.com\/wp-content\/uploads\/2025\/04\/HELLDIVERS%E2%84%A2-2-4.jpg\" sizes=\"auto, (max-width: 600px) 100vw, 600px\" alt=\"HELLDIVERS\u2122 2 4\" width=\"600\" height=\"334\" data-src=\"https:\/\/kamikey.com\/wp-content\/uploads\/2025\/04\/HELLDIVERS%E2%84%A2-2-4.jpg\" data-sizes=\"(max-width: 600px) 100vw, 600px\" data-ll-status=\"loaded\" \/><\/p>\n<p>Game c\u00f3 ba phe k\u1ebb th\u00f9 ch\u00ednh: c\u00f4n tr\u00f9ng Terminids, robot Automatons, v\u00e0 m\u1edbi nh\u1ea5t l\u00e0 Illuminate. M\u1ed7i lo\u1ea1i k\u1ebb th\u00f9 c\u00f3 <strong>\u0111\u1eb7c \u0111i\u1ec3m v\u00e0 chi\u1ebfn thu\u1eadt ri\u00eang<\/strong>, \u0111\u00f2i h\u1ecfi ng\u01b0\u1eddi ch\u01a1i ph\u1ea3i th\u00edch \u1ee9ng linh ho\u1ea1t v\u1edbi t\u1eebng t\u00ecnh hu\u1ed1ng combat kh\u00e1c nhau.<\/p>\n<p><img loading=\"lazy\" decoding=\"async\" class=\"alignnone size-full wp-image-15006 wptangtoc-lazy entered gtloader\" title=\"HELLDIVERS 2 - Steam Key Global Ch\u00ednh H\u00e3ng HELLDIVERS\u2122 2 5 KAMIKEY\" src=\"https:\/\/kamikey.com\/wp-content\/uploads\/2025\/04\/HELLDIVERS%E2%84%A2-2-5.jpg\" sizes=\"auto, (max-width: 600px) 100vw, 600px\" alt=\"HELLDIVERS\u2122 2 5\" width=\"600\" height=\"337\" data-src=\"https:\/\/kamikey.com\/wp-content\/uploads\/2025\/04\/HELLDIVERS%E2%84%A2-2-5.jpg\" data-sizes=\"(max-width: 600px) 100vw, 600px\" data-ll-status=\"loaded\" \/><\/p>\n<p>Helldivers 2 t\u1eadp trung v\u00e0o <strong>live-service content<\/strong> v\u1edbi Galactic War \u2013 m\u1ed9t cu\u1ed9c chi\u1ebfn thi\u00ean h\u00e0 m\u00e0 m\u1ecdi ng\u01b0\u1eddi ch\u01a1i \u0111\u1ec1u g\u00f3p ph\u1ea7n. K\u1ebft qu\u1ea3 c\u1ee7a c\u00e1c nhi\u1ec7m v\u1ee5 s\u1ebd \u1ea3nh h\u01b0\u1edfng tr\u1ef1c ti\u1ebfp \u0111\u1ebfn ti\u1ebfn tr\u00ecnh chung c\u1ee7a c\u1ed9ng \u0111\u1ed3ng, t\u1ea1o c\u1ea3m gi\u00e1c th\u1ef1c s\u1ef1 tham gia v\u00e0o m\u1ed9t cu\u1ed9c xung \u0111\u1ed9t l\u1edbn.<\/p>\n<p><img loading=\"lazy\" decoding=\"async\" class=\"alignnone size-full wp-image-15007 wptangtoc-lazy entered gtloader\" title=\"HELLDIVERS 2 - Steam Key Global Ch\u00ednh H\u00e3ng HELLDIVERS\u2122 2 6 KAMIKEY\" src=\"https:\/\/kamikey.com\/wp-content\/uploads\/2025\/04\/HELLDIVERS%E2%84%A2-2-6.jpg\" sizes=\"auto, (max-width: 600px) 100vw, 600px\" alt=\"HELLDIVERS\u2122 2 6\" width=\"600\" height=\"337\" data-src=\"https:\/\/kamikey.com\/wp-content\/uploads\/2025\/04\/HELLDIVERS%E2%84%A2-2-6.jpg\" data-sizes=\"(max-width: 600px) 100vw, 600px\" data-ll-status=\"loaded\" \/><\/p>\n<p>H\u1ec7 th\u1ed1ng Warbonds thay th\u1ebf battle pass truy\u1ec1n th\u1ed1ng, cho ph\u00e9p b\u1ea1n mua game Helldivers 2 v\u00e0 tr\u1ea3i nghi\u1ec7m n\u1ed9i dung kh\u00f4ng bao gi\u1edd h\u1ebft h\u1ea1n. Nh\u1eefng ai mu\u1ed1n <strong>mua game Steam Key<\/strong> s\u1ebd \u0111\u01b0\u1ee3c t\u1eadn h\u01b0\u1edfng \u0111\u1ea7y \u0111\u1ee7 t\u00ednh n\u0103ng crossplay gi\u1eefa PC v\u00e0 PlayStation 5.<\/p>\n<p><img class=\"alignnone size-full wp-image-15008 wptangtoc-lazy\" title=\"HELLDIVERS 2 - Steam Key Global Ch\u00ednh H\u00e3ng HELLDIVERS\u2122 2 7 KAMIKEY\" alt=\"HELLDIVERS\u2122 2 7\" width=\"600\" height=\"337\" data-src=\"https:\/\/kamikey.com\/wp-content\/uploads\/2025\/04\/HELLDIVERS%E2%84%A2-2-7.jpg\" data-sizes=\"(max-width: 600px) 100vw, 600px\" \/><\/p>\n<p>V\u1ec1 trang b\u1ecb, game cung c\u1ea5p kho v\u0169 kh\u00ed \u0111a d\u1ea1ng t\u1eeb s\u00fang tr\u01b0\u1eddng, s\u00fang shotgun \u0111\u1ebfn flamethrower v\u00e0 laser cannon. M\u1ed7i lo\u1ea1i v\u0169 kh\u00ed c\u00f3 c\u01a1 ch\u1ebf \u0111\u1ea1n d\u01b0\u1ee3c ri\u00eang bi\u1ec7t \u2013 t\u1eeb \u0111\u1ea1n th\u00f4ng th\u01b0\u1eddng, plasma, \u0111\u1ebfn h\u1ec7 th\u1ed1ng t\u1ea3n nhi\u1ec7t cho <strong>v\u0169 kh\u00ed laser<\/strong>.<\/p>\n<p><img class=\"alignnone size-full wp-image-15009 wptangtoc-lazy\" title=\"HELLDIVERS 2 - Steam Key Global Ch\u00ednh H\u00e3ng HELLDIVERS\u2122 2 8 KAMIKEY\" alt=\"HELLDIVERS\u2122 2 8\" width=\"600\" height=\"337\" data-src=\"https:\/\/kamikey.com\/wp-content\/uploads\/2025\/04\/HELLDIVERS%E2%84%A2-2-8.jpg\" data-sizes=\"(max-width: 600px) 100vw, 600px\" \/><\/p>\n<p>\u0110\u1eb7c bi\u1ec7t, Helldivers 2 n\u1ed5i b\u1eadt v\u1edbi humor \u0111en v\u00e0 tinh th\u1ea7n parodic v\u1ec1 ch\u1ebf \u0111\u1ed9 \u201cManaged Democracy\u201d c\u1ee7a Super Earth. Narrative style n\u00e0y \u0111\u01b0\u1ee3c so s\u00e1nh v\u1edbi phim Starship Troopers, t\u1ea1o n\u00ean b\u1ea7u kh\u00f4ng kh\u00ed v\u1eeba h\u00e0i h\u01b0\u1edbc v\u1eeba c\u0103ng th\u1eb3ng trong t\u1eebng mission.<\/p>\n<p><img class=\"alignnone size-full wp-image-15010 wptangtoc-lazy\" title=\"HELLDIVERS 2 - Steam Key Global Ch\u00ednh H\u00e3ng HELLDIVERS\u2122 2 9 KAMIKEY\" alt=\"HELLDIVERS\u2122 2 9\" width=\"600\" height=\"337\" data-src=\"https:\/\/kamikey.com\/wp-content\/uploads\/2025\/04\/HELLDIVERS%E2%84%A2-2-9.jpg\" data-sizes=\"(max-width: 600px) 100vw, 600px\" \/><\/p>\n<p>N\u1ebfu b\u1ea1n \u0111ang t\u00ecm <strong>Steam Key gi\u00e1 r\u1ebb<\/strong> \u0111\u1ec3 tr\u1ea3i nghi\u1ec7m game n\u00e0y, h\u00e3y \u0111\u1ea3m b\u1ea3o ch\u1ecdn Steam Key Global ch\u00ednh h\u00e3ng. Helldivers 2 Steam Key ch\u00ednh h\u00e3ng s\u1ebd mang \u0111\u1ebfn tr\u1ea3i nghi\u1ec7m gaming tuy\u1ec7t v\u1eddi v\u1edbi <strong>cooperative gameplay<\/strong> \u0111\u1ec9nh cao v\u00e0 replayability v\u00f4 t\u1eadn.<\/p>\n<p><img class=\"alignnone size-full wp-image-15011 wptangtoc-lazy\" title=\"HELLDIVERS 2 - Steam Key Global Ch\u00ednh H\u00e3ng HELLDIVERS\u2122 2 10 KAMIKEY\" alt=\"HELLDIVERS\u2122 2 10\" width=\"600\" height=\"337\" data-src=\"https:\/\/kamikey.com\/wp-content\/uploads\/2025\/04\/HELLDIVERS%E2%84%A2-2-10.jpg\" data-sizes=\"(max-width: 600px) 100vw, 600px\" \/><\/p>\n<p>Game \u0111\u01b0\u1ee3c \u0111\u00e1nh gi\u00e1 cao v\u1ec1 gameplay mechanics ch\u1eb7t ch\u1ebd, visual effects \u1ea5n t\u01b0\u1ee3ng v\u00e0 soundtrack h\u00f9ng tr\u00e1ng. M\u1ed7i mission \u0111\u1ec1u mang \u0111\u1ebfn c\u1ea3m gi\u00e1c cinematic v\u1edbi explosions, airstrikes v\u00e0 combat actions \u0111\u1ea7y k\u1ecbch t\u00ednh, t\u1ea1o n\u00ean nh\u1eefng \u201cBattlefield Moments\u201d t\u1ef1 nhi\u00ean.<\/p>\n<p><img class=\"alignnone size-full wp-image-15012 wptangtoc-lazy\" title=\"HELLDIVERS 2 - Steam Key Global Ch\u00ednh H\u00e3ng HELLDIVERS\u2122 2 11 KAMIKEY\" alt=\"HELLDIVERS\u2122 2 11\" width=\"600\" height=\"337\" data-src=\"https:\/\/kamikey.com\/wp-content\/uploads\/2025\/04\/HELLDIVERS%E2%84%A2-2-11.jpg\" data-sizes=\"(max-width: 600px) 100vw, 600px\" \/><\/p>\n<p><img class=\"alignnone size-full wp-image-15013 wptangtoc-lazy\" title=\"HELLDIVERS 2 - Steam Key Global Ch\u00ednh H\u00e3ng HELLDIVERS\u2122 2 12 KAMIKEY\" alt=\"HELLDIVERS\u2122 2 12\" width=\"600\" height=\"337\" data-src=\"https:\/\/kamikey.com\/wp-content\/uploads\/2025\/04\/HELLDIVERS%E2%84%A2-2-12.jpg\" data-sizes=\"(max-width: 600px) 100vw, 600px\" \/><\/p>\n<p><img class=\"alignnone size-full wp-image-15014 wptangtoc-lazy\" title=\"HELLDIVERS 2 - Steam Key Global Ch\u00ednh H\u00e3ng HELLDIVERS\u2122 2 1 KAMIKEY\" alt=\"HELLDIVERS\u2122 2 1\" width=\"600\" height=\"337\" data-src=\"https:\/\/kamikey.com\/wp-content\/uploads\/2025\/04\/HELLDIVERS%E2%84%A2-2-1.jpg\" data-sizes=\"(max-width: 600px) 100vw, 600px\" \/><\/p>\n<div class=\"devvn_readmore_flatsome devvn_readmore_flatsome_more\"><a title=\"Xem th\u00eam\">Xem th\u00eam<\/a><\/div>\n<div class=\"devvn_readmore_flatsome devvn_readmore_flatsome_less\"><\/div>\n","protected":false},"excerpt":{"rendered":"<p>Helldivers 2 l\u00e0 tuy\u1ebfn t\u1ea5n c\u00f4ng cu\u1ed1i c\u00f9ng c\u1ee7a thi\u00ean h\u00e0, mang \u0111\u1ebfn tr\u1ea3i nghi\u1ec7m b\u1eafn s\u00fang g\u00f3c nh\u00ecn th\u1ee9 ba \u0111\u1ea7y k\u1ecbch t\u00ednh v\u00e0 h\u1ee3p t\u00e1c nh\u00f3m. B\u1ea1n s\u1ebd gia nh\u1eadp l\u1ef1c l\u01b0\u1ee3ng tinh nhu\u1ec7 Helldivers \u0111\u1ec3 \u0111\u1ea5u tranh gi\u00e0nh t\u1ef1 do trong m\u1ed9t thi\u00ean h\u00e0 \u0111\u1ea7y r\u1eaby k\u1ebb \u0111\u1ecbch nguy hi\u1ec3m. Trong vai [&#8230;]\n","protected":false},"featured_media":127,"comment_status":"open","ping_status":"closed","template":"","meta":[],"product_brand":[],"product_cat":[15,24,25],"product_tag":[],"class_list":{"0":"post-126","1":"product","2":"type-product","3":"status-publish","4":"has-post-thumbnail","6":"product_cat-uncategorized","7":"product_cat-game-dang-hot","8":"product_cat-steam-key-chinh-hang","10":"first","11":"instock","12":"shipping-taxable","13":"purchasable","14":"product-type-simple"},"_links":{"self":[{"href":"https:\/\/kuteshop.store\/index.php\/wp-json\/wp\/v2\/product\/126","targetHints":{"allow":["GET"]}}],"collection":[{"href":"https:\/\/kuteshop.store\/index.php\/wp-json\/wp\/v2\/product"}],"about":[{"href":"https:\/\/kuteshop.store\/index.php\/wp-json\/wp\/v2\/types\/product"}],"replies":[{"embeddable":true,"href":"https:\/\/kuteshop.store\/index.php\/wp-json\/wp\/v2\/comments?post=126"}],"wp:featuredmedia":[{"embeddable":true,"href":"https:\/\/kuteshop.store\/index.php\/wp-json\/wp\/v2\/media\/127"}],"wp:attachment":[{"href":"https:\/\/kuteshop.store\/index.php\/wp-json\/wp\/v2\/media?parent=126"}],"wp:term":[{"taxonomy":"product_brand","embeddable":true,"href":"https:\/\/kuteshop.store\/index.php\/wp-json\/wp\/v2\/product_brand?post=126"},{"taxonomy":"product_cat","embeddable":true,"href":"https:\/\/kuteshop.store\/index.php\/wp-json\/wp\/v2\/product_cat?post=126"},{"taxonomy":"product_tag","embeddable":true,"href":"https:\/\/kuteshop.store\/index.php\/wp-json\/wp\/v2\/product_tag?post=126"}],"curies":[{"name":"wp","href":"https:\/\/api.w.org\/{rel}","templated":true}]}}