{"id":120,"date":"2026-03-09T10:52:38","date_gmt":"2026-03-09T10:52:38","guid":{"rendered":"https:\/\/kuteshop.store\/?post_type=product&#038;p=120"},"modified":"2026-03-09T11:12:52","modified_gmt":"2026-03-09T11:12:52","slug":"nioh-3-digital-deluxe-edition-pre-purchase-bonus-tai-khoan-steam-offline","status":"publish","type":"product","link":"https:\/\/kuteshop.store\/index.php\/product\/nioh-3-digital-deluxe-edition-pre-purchase-bonus-tai-khoan-steam-offline\/","title":{"rendered":"Nioh 3 Digital Deluxe Edition + Pre-purchase Bonus \u2013 T\u00e0i Kho\u1ea3n Steam Offline"},"content":{"rendered":"<blockquote><p><strong>Nioh 3<\/strong> l\u00e0 ch\u01b0\u01a1ng m\u1edbi nh\u1ea5t trong bi\u00ean ni\u00ean s\u1eed <strong>Action RPG<\/strong> (nh\u1eadp vai h\u00e0nh \u0111\u1ed9ng) huy\u1ec1n tho\u1ea1i c\u1ee7a Team Ninja, \u0111\u01b0a ng\u01b0\u1eddi ch\u01a1i tr\u1edf l\u1ea1i th\u1eddi k\u1ef3 Chi\u1ebfn Qu\u1ed1c \u0111\u1eabm m\u00e1u v\u1edbi m\u1ed9t b\u01b0\u1edbc ngo\u1eb7t ch\u01b0a t\u1eebng c\u00f3. V\u00e0o vai <strong>Tokugawa Takechiyo<\/strong>, b\u1ea1n s\u1ebd d\u1ea5n th\u00e2n v\u00e0o h\u00e0nh tr\u00ecnh xuy\u00ean kh\u00f4ng gian v\u00e0 th\u1eddi gian, \u0111\u1ed1i m\u1eb7t v\u1edbi s\u1ef1 tr\u1ed7i d\u1eady c\u1ee7a \u201cThe Crucible\u201d \u2013 m\u1ed9t th\u1ebf gi\u1edbi t\u00e0n kh\u1ed1c n\u01a1i ranh gi\u1edbi gi\u1eefa s\u1ef1 s\u1ed1ng v\u00e0 c\u00e1i ch\u1ebft b\u1ecb x\u00f3a nh\u00f2a b\u1edfi l\u0169 <strong>Yokai<\/strong> hung t\u00e0n.<\/p><\/blockquote>\n<p><img loading=\"lazy\" decoding=\"async\" class=\"alignnone size-full wp-image-43632 wptangtoc-lazy entered gtloader\" title=\"Nioh 3 Digital Deluxe Edition + Pre-purchase Bonus - T\u00e0i Kho\u1ea3n Steam Offline Nioh 3 2 KAMIKEY\" src=\"https:\/\/kamikey.com\/wp-content\/uploads\/2026\/01\/Nioh-3-2.jpg\" sizes=\"auto, (max-width: 1920px) 100vw, 1920px\" alt=\"Nioh 3 2\" width=\"1920\" height=\"1080\" data-src=\"https:\/\/kamikey.com\/wp-content\/uploads\/2026\/01\/Nioh-3-2.jpg\" data-sizes=\"(max-width: 1920px) 100vw, 1920px\" data-ll-status=\"loaded\" \/><a title=\"B\u00e0i vi\u1ebft \u0111\u01b0\u1ee3c copy t\u1eeb Kamikey.com Ngu\u1ed3n b\u00e0i vi\u1ebft : Nioh 3 Digital Deluxe Edition - T\u00e0i Kho\u1ea3n Steam Offline\" href=\"https:\/\/kamikey.com\/products\/nioh-3-offline\/\" target=\"_blank\" rel=\"dofollow noopener\"><img loading=\"lazy\" decoding=\"async\" title=\"Nioh 3 Digital Deluxe Edition - T\u00e0i Kho\u1ea3n Steam Offline\" src=\"https:\/\/kamikey.com\/wp-content\/uploads\/2024\/10\/px.gif\" alt=\"Nioh 3 Digital Deluxe Edition - T\u00e0i Kho\u1ea3n Steam Offline\" width=\"1\" height=\"1\" border=\"0\" \/><\/a><\/p>\n<p>L\u1ea7n \u0111\u1ea7u ti\u00ean trong l\u1ecbch s\u1eed series, Nioh 3 ph\u00e1 b\u1ecf l\u1ed1i ch\u01a1i m\u00e0n h\u00ecnh tuy\u1ebfn t\u00ednh \u0111\u1ec3 gi\u1edbi thi\u1ec7u c\u01a1 ch\u1ebf <strong>Open Field<\/strong> (V\u00f9ng m\u1edf) \u0111\u1ea7y tham v\u1ecdng. Ng\u01b0\u1eddi ch\u01a1i \u0111\u01b0\u1ee3c t\u1ef1 do kh\u00e1m ph\u00e1 nh\u1eefng chi\u1ebfn tr\u01b0\u1eddng r\u1ed9ng l\u1edbn, t\u1eeb nh\u1eefng ng\u00f4i l\u00e0ng b\u1ecb nguy\u1ec1n r\u1ee7a \u0111\u1ebfn c\u00e1c th\u00e0nh qu\u00e1ch \u0111\u1ed5 n\u00e1t tr\u1ea3i d\u00e0i qua nhi\u1ec1u ni\u00ean \u0111\u1ea1i l\u1ecbch s\u1eed. M\u1ed7i ng\u00f3c ng\u00e1ch trong th\u1ebf gi\u1edbi m\u1edf n\u00e0y \u0111\u1ec1u \u1ea9n ch\u1ee9a nh\u1eefng l\u1ed1i t\u1eaft b\u00ed m\u1eadt, kho b\u00e1u qu\u00fd gi\u00e1 v\u00e0 nh\u1eefng con tr\u00f9m \u1ea9n (Hidden Boss) s\u1eb5n s\u00e0ng tr\u1eebng ph\u1ea1t b\u1ea5t k\u1ef3 k\u1ebb n\u00e0o l\u01a1 l\u00e0 c\u1ea3nh gi\u00e1c.<\/p>\n<p><img loading=\"lazy\" decoding=\"async\" class=\"alignnone size-full wp-image-43633 wptangtoc-lazy entered gtloader\" title=\"Nioh 3 Digital Deluxe Edition + Pre-purchase Bonus - T\u00e0i Kho\u1ea3n Steam Offline Nioh 3 3 KAMIKEY\" src=\"https:\/\/kamikey.com\/wp-content\/uploads\/2026\/01\/Nioh-3-3.jpg\" sizes=\"auto, (max-width: 1920px) 100vw, 1920px\" alt=\"Nioh 3 3\" width=\"1920\" height=\"1080\" data-src=\"https:\/\/kamikey.com\/wp-content\/uploads\/2026\/01\/Nioh-3-3.jpg\" data-sizes=\"(max-width: 1920px) 100vw, 1920px\" data-ll-status=\"loaded\" \/><\/p>\n<p>H\u1ec7 th\u1ed1ng chi\u1ebfn \u0111\u1ea5u tr\u1ee9 danh \u0111\u00e3 ti\u1ebfn h\u00f3a l\u00ean m\u1ed9t t\u1ea7m cao m\u1edbi v\u1edbi t\u00ednh n\u0103ng <strong>Style-Switching<\/strong> (Chuy\u1ec3n \u0111\u1ed5i phong c\u00e1ch) linh ho\u1ea1t. B\u1ea1n ph\u1ea3i l\u00e0m ch\u1ee7 ngh\u1ec7 thu\u1eadt song h\u00e0nh: d\u00f9ng <strong>Samurai Style<\/strong> \u0111\u1ec3 \u0111\u1ee1 \u0111\u00f2n (Deflect) v\u00e0 tung ra nh\u1eefng c\u00fa ch\u00e9m uy l\u1ef1c, ho\u1eb7c chuy\u1ec3n sang <strong>Ninja Style<\/strong> \u0111\u1ec3 k\u00edch ho\u1ea1t k\u1ef9 n\u0103ng \u201cMist\u201d \u2013 l\u01b0\u1edbt nh\u01b0 b\u00f3ng ma, n\u00e9 tr\u00e1nh v\u00e0 t\u1ea5n c\u00f4ng t\u1eeb tr\u00ean kh\u00f4ng. C\u01a1 ch\u1ebf ph\u1ea3n \u0111\u00f2n m\u1edbi mang t\u00ean <strong>Burst Break<\/strong> y\u00eau c\u1ea7u ng\u01b0\u1eddi ch\u01a1i chuy\u1ec3n \u0111\u1ed5i Style ch\u00ednh x\u00e1c ngay kho\u1ea3nh kh\u1eafc k\u1ebb th\u00f9 tung chi\u00eau \u0111\u1ecf, t\u1ea1o n\u00ean nh\u1eefng pha \u201cl\u1eadt k\u00e8o\u201d m\u00e3n nh\u00e3n.<\/p>\n<p><img loading=\"lazy\" decoding=\"async\" class=\"alignnone size-full wp-image-43634 wptangtoc-lazy entered gtloader\" title=\"Nioh 3 Digital Deluxe Edition + Pre-purchase Bonus - T\u00e0i Kho\u1ea3n Steam Offline Nioh 3 4 KAMIKEY\" src=\"https:\/\/kamikey.com\/wp-content\/uploads\/2026\/01\/Nioh-3-4.jpg\" sizes=\"auto, (max-width: 1920px) 100vw, 1920px\" alt=\"Nioh 3 4\" width=\"1920\" height=\"1080\" data-src=\"https:\/\/kamikey.com\/wp-content\/uploads\/2026\/01\/Nioh-3-4.jpg\" data-sizes=\"(max-width: 1920px) 100vw, 1920px\" data-ll-status=\"loaded\" \/><\/p>\n<p>Th\u1eed th\u00e1ch t\u1ed9t c\u00f9ng \u0111ang ch\u1edd \u0111\u1ee3i t\u1ea1i <strong>The Crucible<\/strong> \u2013 m\u1ed9t \u0111\u1ea5u tr\u01b0\u1eddng sinh t\u1ed3n kh\u1eafc nghi\u1ec7t n\u01a1i l\u0169 qu\u00e1i v\u1eadt \u1eadp \u0111\u1ebfn kh\u00f4ng ng\u1eebng ngh\u1ec9. \u0110\u00e2y l\u00e0 n\u01a1i k\u1ef9 n\u0103ng c\u1ee7a b\u1ea1n \u0111\u01b0\u1ee3c t\u00f4i luy\u1ec7n \u0111\u1ebfn gi\u1edbi h\u1ea1n trong tr\u1ea3i nghi\u1ec7m <strong>Masocore<\/strong> \u0111\u00edch th\u1ef1c. V\u1edbi vi\u1ec7c h\u1ed7 tr\u1ee3 <strong>Co-op Multiplayer<\/strong>, b\u1ea1n c\u00f3 th\u1ec3 c\u00f9ng \u0111\u1ed3ng \u0111\u1ed9i h\u1ee3p s\u1ee9c \u0111\u1ec3 c\u00e0n qu\u00e9t c\u00e1c t\u1ea7ng \u0111\u1ecba ng\u1ee5c, s\u0103n l\u00f9ng nh\u1eefng m\u00f3n v\u0169 kh\u00ed Th\u1ea7n Th\u00e1nh (Divine) v\u00e0 chinh ph\u1ee5c \u0111\u1ecbnh m\u1ec7nh tr\u1edf th\u00e0nh Shogun th\u1ed1ng tr\u1ecb thi\u00ean h\u1ea1.<\/p>\n<p><img decoding=\"async\" class=\"alignnone size-full wp-image-43635 wptangtoc-lazy\" title=\"Nioh 3 Digital Deluxe Edition + Pre-purchase Bonus - T\u00e0i Kho\u1ea3n Steam Offline Nioh 3 5 KAMIKEY\" src=\"data:;base64,<svg xmlns='http:\/\/www.w3.org\/2000\/svg' viewBox='0 0 1920 1080'\/>&#8221; alt=&#8221;Nioh 3 5&#8243; width=&#8221;1920&#8243; height=&#8221;1080&#8243; data-src=&#8221;https:\/\/kamikey.com\/wp-content\/uploads\/2026\/01\/Nioh-3-5.jpg&#8221; data-sizes=&#8221;(max-width: 1920px) 100vw, 1920px&#8221; \/><\/p>\n<p><strong>C\u00e1c phi\u00ean b\u1ea3n v\u00e0 Qu\u00e0 t\u1eb7ng \u0111\u1eb7t tr\u01b0\u1edbc:<\/strong><\/p>\n<ul>\n<li><strong>Pre-order Bonus:<\/strong> B\u1ed9 trang b\u1ecb Hellfire (Warrior Armor + Ninja Attire) v\u00e0 B\u00f9a Scampuss Furball Netsuke.<\/li>\n<li><strong>Early Purchase Bonus:<\/strong> B\u1ed9 trang b\u1ecb Hellfrost (nh\u1eadn tr\u01b0\u1edbc 19\/02\/2026) v\u00e0 M\u0169 Twin-Snake (th\u01b0\u1edfng ho\u00e0n th\u00e0nh Demo).<\/li>\n<li><strong>Digital Deluxe Edition:<\/strong> K\u00e8m theo <strong>Season Pass<\/strong> (2 b\u1ea3n m\u1edf r\u1ed9ng c\u1ed1t truy\u1ec7n l\u1edbn), B\u1ed9 v\u0169 kh\u00ed Infernal (14 m\u00f3n) v\u00e0 ph\u1ee5 ki\u1ec7n Kodama\/Chijiko Netsuke.<\/li>\n<\/ul>\n<p><strong>T\u1ea1i sao n\u00ean ch\u1ecdn T\u00e0i kho\u1ea3n Steam Offline t\u1ea1i KAMIKEY?<\/strong><\/p>\n<ul>\n<li><strong>Ti\u1ebft ki\u1ec7m t\u1ed1i \u0111a:<\/strong> Gi\u00e1 r\u1ebb h\u01a1n t\u1edbi <strong>90%<\/strong> so v\u1edbi mua game g\u1ed1c tr\u00ean Steam Store.<\/li>\n<li><strong>Ch\u01a1i ngay kh\u00f4ng ch\u1edd \u0111\u1ee3i:<\/strong> Gi\u1ea3i ph\u00e1p ho\u00e0n h\u1ea3o cho c\u00e1c game c\u00f3 <strong>Denuvo<\/strong> (r\u1ea5t l\u00e2u ho\u1eb7c kh\u00f4ng bao gi\u1edd c\u00f3 Crack).<\/li>\n<li><strong>An to\u00e0n tuy\u1ec7t \u0111\u1ed1i:<\/strong> T\u00e0i kho\u1ea3n Steam ch\u00ednh ch\u1ee7 (s\u1eb5n game), ch\u1ec9 c\u1ea7n \u0111\u0103ng nh\u1eadp v\u00e0 ch\u01a1i, kh\u00f4ng c\u00e0i ph\u1ea7n m\u1ec1m \u0111\u1ed9c h\u1ea1i.<\/li>\n<li>\u0110\u00e2y l\u00e0 ph\u01b0\u01a1ng th\u1ee9c ch\u01a1i game b\u1ea3n quy\u1ec1n ti\u1ebft ki\u1ec7m v\u00e0 th\u00f4ng minh nh\u1ea5t hi\u1ec7n nay.<\/li>\n<\/ul>\n<p><strong>H\u01b0\u1edbng d\u1eabn mua v\u00e0 s\u1eed d\u1ee5ng:<\/strong><\/p>\n<ul>\n<li>B\u01b0\u1edbc 1: \u0110\u1eb7t h\u00e0ng v\u00e0 thanh to\u00e1n. B\u1ea1n s\u1ebd nh\u1eadn \u0111\u01b0\u1ee3c T\u00e0i kho\u1ea3n (User\/Pass) k\u00e8m h\u01b0\u1edbng d\u1eabn.<\/li>\n<li>B\u01b0\u1edbc 2: \u0110\u0103ng nh\u1eadp v\u00e0o Steam b\u1eb1ng t\u00e0i kho\u1ea3n \u0111\u01b0\u1ee3c c\u1ea5p.<\/li>\n<li>B\u01b0\u1edbc 3: T\u1ea3i game v\u1ec1 m\u00e1y v\u00e0 chuy\u1ec3n sang ch\u1ebf \u0111\u1ed9 Offline Mode \u0111\u1ec3 ch\u01a1i.<\/li>\n<li>Cam k\u1ebft: Kh\u00f4ng \u1ea3nh h\u01b0\u1edfng \u0111\u1ebfn t\u00e0i kho\u1ea3n c\u00e1 nh\u00e2n c\u1ee7a b\u1ea1n, thao t\u00e1c \u0111\u01a1n gi\u1ea3n, d\u1ec5 d\u00e0ng.<\/li>\n<\/ul>\n<p><img decoding=\"async\" class=\"alignnone size-full wp-image-43644 wptangtoc-lazy\" title=\"Nioh 3 Digital Deluxe Edition + Pre-purchase Bonus - T\u00e0i Kho\u1ea3n Steam Offline Nioh 3 1 KAMIKEY\" src=\"data:;base64,<svg xmlns='http:\/\/www.w3.org\/2000\/svg' viewBox='0 0 1920 1080'\/>&#8221; alt=&#8221;Nioh 3 1&#8243; width=&#8221;1920&#8243; height=&#8221;1080&#8243; data-src=&#8221;https:\/\/kamikey.com\/wp-content\/uploads\/2026\/01\/Nioh-3-1.jpg&#8221; data-sizes=&#8221;(max-width: 1920px) 100vw, 1920px&#8221; \/><img decoding=\"async\" class=\"alignnone size-full wp-image-43643 wptangtoc-lazy\" title=\"Nioh 3 Digital Deluxe Edition + Pre-purchase Bonus - T\u00e0i Kho\u1ea3n Steam Offline Nioh 3 13 KAMIKEY\" src=\"data:;base64,<svg xmlns='http:\/\/www.w3.org\/2000\/svg' viewBox='0 0 1920 1080'\/>&#8221; alt=&#8221;Nioh 3 13&#8243; width=&#8221;1920&#8243; height=&#8221;1080&#8243; data-src=&#8221;https:\/\/kamikey.com\/wp-content\/uploads\/2026\/01\/Nioh-3-13.jpg&#8221; data-sizes=&#8221;(max-width: 1920px) 100vw, 1920px&#8221; \/><img decoding=\"async\" class=\"alignnone size-full wp-image-43642 wptangtoc-lazy\" title=\"Nioh 3 Digital Deluxe Edition + Pre-purchase Bonus - T\u00e0i Kho\u1ea3n Steam Offline Nioh 3 12 KAMIKEY\" src=\"data:;base64,<svg xmlns='http:\/\/www.w3.org\/2000\/svg' viewBox='0 0 1920 1080'\/>&#8221; alt=&#8221;Nioh 3 12&#8243; width=&#8221;1920&#8243; height=&#8221;1080&#8243; data-src=&#8221;https:\/\/kamikey.com\/wp-content\/uploads\/2026\/01\/Nioh-3-12.jpg&#8221; data-sizes=&#8221;(max-width: 1920px) 100vw, 1920px&#8221; \/> <img decoding=\"async\" class=\"alignnone size-full wp-image-43641 wptangtoc-lazy\" title=\"Nioh 3 Digital Deluxe Edition + Pre-purchase Bonus - T\u00e0i Kho\u1ea3n Steam Offline Nioh 3 11 KAMIKEY\" src=\"data:;base64,<svg xmlns='http:\/\/www.w3.org\/2000\/svg' viewBox='0 0 1920 1080'\/>&#8221; alt=&#8221;Nioh 3 11&#8243; width=&#8221;1920&#8243; height=&#8221;1080&#8243; data-src=&#8221;https:\/\/kamikey.com\/wp-content\/uploads\/2026\/01\/Nioh-3-11.jpg&#8221; data-sizes=&#8221;(max-width: 1920px) 100vw, 1920px&#8221; \/> <img decoding=\"async\" class=\"alignnone size-full wp-image-43640 wptangtoc-lazy\" title=\"Nioh 3 Digital Deluxe Edition + Pre-purchase Bonus - T\u00e0i Kho\u1ea3n Steam Offline Nioh 3 10 KAMIKEY\" src=\"data:;base64,<svg xmlns='http:\/\/www.w3.org\/2000\/svg' viewBox='0 0 1920 1080'\/>&#8221; alt=&#8221;Nioh 3 10&#8243; width=&#8221;1920&#8243; height=&#8221;1080&#8243; data-src=&#8221;https:\/\/kamikey.com\/wp-content\/uploads\/2026\/01\/Nioh-3-10.jpg&#8221; data-sizes=&#8221;(max-width: 1920px) 100vw, 1920px&#8221; \/> <img decoding=\"async\" class=\"alignnone size-full wp-image-43639 wptangtoc-lazy\" title=\"Nioh 3 Digital Deluxe Edition + Pre-purchase Bonus - T\u00e0i Kho\u1ea3n Steam Offline Nioh 3 9 KAMIKEY\" src=\"data:;base64,<svg xmlns='http:\/\/www.w3.org\/2000\/svg' viewBox='0 0 1920 1080'\/>&#8221; alt=&#8221;Nioh 3 9&#8243; width=&#8221;1920&#8243; height=&#8221;1080&#8243; data-src=&#8221;https:\/\/kamikey.com\/wp-content\/uploads\/2026\/01\/Nioh-3-9.jpg&#8221; data-sizes=&#8221;(max-width: 1920px) 100vw, 1920px&#8221; \/> <img decoding=\"async\" class=\"alignnone size-full wp-image-43638 wptangtoc-lazy\" title=\"Nioh 3 Digital Deluxe Edition + Pre-purchase Bonus - T\u00e0i Kho\u1ea3n Steam Offline Nioh 3 8 KAMIKEY\" src=\"data:;base64,<svg xmlns='http:\/\/www.w3.org\/2000\/svg' viewBox='0 0 1920 1080'\/>&#8221; alt=&#8221;Nioh 3 8&#8243; width=&#8221;1920&#8243; height=&#8221;1080&#8243; data-src=&#8221;https:\/\/kamikey.com\/wp-content\/uploads\/2026\/01\/Nioh-3-8.jpg&#8221; data-sizes=&#8221;(max-width: 1920px) 100vw, 1920px&#8221; \/> <img decoding=\"async\" class=\"alignnone size-full wp-image-43637 wptangtoc-lazy\" title=\"Nioh 3 Digital Deluxe Edition + Pre-purchase Bonus - T\u00e0i Kho\u1ea3n Steam Offline Nioh 3 7 KAMIKEY\" src=\"data:;base64,<svg xmlns='http:\/\/www.w3.org\/2000\/svg' viewBox='0 0 1920 1080'\/>&#8221; alt=&#8221;Nioh 3 7&#8243; width=&#8221;1920&#8243; height=&#8221;1080&#8243; data-src=&#8221;https:\/\/kamikey.com\/wp-content\/uploads\/2026\/01\/Nioh-3-7.jpg&#8221; data-sizes=&#8221;(max-width: 1920px) 100vw, 1920px&#8221; \/> <img decoding=\"async\" class=\"alignnone size-full wp-image-43636 wptangtoc-lazy\" title=\"Nioh 3 Digital Deluxe Edition + Pre-purchase Bonus - T\u00e0i Kho\u1ea3n Steam Offline Nioh 3 6 KAMIKEY\" src=\"data:;base64,<svg xmlns='http:\/\/www.w3.org\/2000\/svg' viewBox='0 0 1920 1080'\/>&#8221; alt=&#8221;Nioh 3 6&#8243; width=&#8221;1920&#8243; height=&#8221;1080&#8243; data-src=&#8221;https:\/\/kamikey.com\/wp-content\/uploads\/2026\/01\/Nioh-3-6.jpg&#8221; data-sizes=&#8221;(max-width: 1920px) 100vw, 1920px&#8221; \/> <img decoding=\"async\" class=\"alignnone size-full wp-image-43635 wptangtoc-lazy\" title=\"Nioh 3 Digital Deluxe Edition + Pre-purchase Bonus - T\u00e0i Kho\u1ea3n Steam Offline Nioh 3 5 KAMIKEY\" src=\"data:;base64,<svg xmlns='http:\/\/www.w3.org\/2000\/svg' viewBox='0 0 1920 1080'\/>&#8221; alt=&#8221;Nioh 3 5&#8243; width=&#8221;1920&#8243; height=&#8221;1080&#8243; data-src=&#8221;https:\/\/kamikey.com\/wp-content\/uploads\/2026\/01\/Nioh-3-5.jpg&#8221; data-sizes=&#8221;(max-width: 1920px) 100vw, 1920px&#8221; \/><\/p>\n<div class=\"devvn_readmore_flatsome devvn_readmore_flatsome_more\"><a title=\"Xem th\u00eam\">Xem th\u00eam<\/a><\/div>\n<div class=\"devvn_readmore_flatsome devvn_readmore_flatsome_less\"><\/div>\n","protected":false},"excerpt":{"rendered":"<p>Nioh 3 l\u00e0 ch\u01b0\u01a1ng m\u1edbi nh\u1ea5t trong bi\u00ean ni\u00ean s\u1eed Action RPG (nh\u1eadp vai h\u00e0nh \u0111\u1ed9ng) huy\u1ec1n tho\u1ea1i c\u1ee7a Team Ninja, \u0111\u01b0a ng\u01b0\u1eddi ch\u01a1i tr\u1edf l\u1ea1i th\u1eddi k\u1ef3 Chi\u1ebfn Qu\u1ed1c \u0111\u1eabm m\u00e1u v\u1edbi m\u1ed9t b\u01b0\u1edbc ngo\u1eb7t ch\u01b0a t\u1eebng c\u00f3. V\u00e0o vai Tokugawa Takechiyo, b\u1ea1n s\u1ebd d\u1ea5n th\u00e2n v\u00e0o h\u00e0nh tr\u00ecnh xuy\u00ean kh\u00f4ng gian v\u00e0 th\u1eddi [&#8230;]\n","protected":false},"featured_media":121,"comment_status":"open","ping_status":"closed","template":"","meta":[],"product_brand":[],"product_cat":[15,24],"product_tag":[],"class_list":{"0":"post-120","1":"product","2":"type-product","3":"status-publish","4":"has-post-thumbnail","6":"product_cat-uncategorized","7":"product_cat-game-dang-hot","9":"first","10":"instock","11":"shipping-taxable","12":"purchasable","13":"product-type-simple"},"_links":{"self":[{"href":"https:\/\/kuteshop.store\/index.php\/wp-json\/wp\/v2\/product\/120","targetHints":{"allow":["GET"]}}],"collection":[{"href":"https:\/\/kuteshop.store\/index.php\/wp-json\/wp\/v2\/product"}],"about":[{"href":"https:\/\/kuteshop.store\/index.php\/wp-json\/wp\/v2\/types\/product"}],"replies":[{"embeddable":true,"href":"https:\/\/kuteshop.store\/index.php\/wp-json\/wp\/v2\/comments?post=120"}],"wp:featuredmedia":[{"embeddable":true,"href":"https:\/\/kuteshop.store\/index.php\/wp-json\/wp\/v2\/media\/121"}],"wp:attachment":[{"href":"https:\/\/kuteshop.store\/index.php\/wp-json\/wp\/v2\/media?parent=120"}],"wp:term":[{"taxonomy":"product_brand","embeddable":true,"href":"https:\/\/kuteshop.store\/index.php\/wp-json\/wp\/v2\/product_brand?post=120"},{"taxonomy":"product_cat","embeddable":true,"href":"https:\/\/kuteshop.store\/index.php\/wp-json\/wp\/v2\/product_cat?post=120"},{"taxonomy":"product_tag","embeddable":true,"href":"https:\/\/kuteshop.store\/index.php\/wp-json\/wp\/v2\/product_tag?post=120"}],"curies":[{"name":"wp","href":"https:\/\/api.w.org\/{rel}","templated":true}]}}